5 a multiple of 726?
False
Does 70 divide 151410?
True
Is 331416 a multiple of 140?
False
Does 345 divide 5515515?
True
Is 7617290 a multiple of 127?
False
Is 574 a factor of 79212?
True
Is 1694752 a multiple of 8?
True
Does 22 divide 76051?
False
Is 104 a factor of 53380?
False
Is 245 a factor of 111317?
False
Is 447762 a multiple of 98?
True
Does 10 divide 5537290?
True
Is 49073 even?
False
Is 23 a factor of 99797?
True
Is 255 a factor of 3316179?
False
Is 954946 a multiple of 117?
False
Is 344668 a multiple of 18?
False
Is 120183 a multiple of 228?
False
Does 190 divide 896420?
True
Is 227527 a multiple of 176?
False
Is 135093 a multiple of 21?
True
Is 67 a factor of 1535841?
True
Does 5 divide 624425?
True
Is 356 a factor of 1081884?
True
Is 111 a factor of 89399?
False
Is 1318338 a multiple of 268?
False
Does 855 divide 363375?
True
Is 68560 a multiple of 2?
True
Is 78 a factor of 283232?
False
Is 44 a factor of 2228113?
False
Is 103540 a multiple of 155?
True
Is 252489 a multiple of 14?
False
Is 8 a factor of 2213560?
True
Does 13 divide 1590111?
False
Is 254 a factor of 33596181?
False
Is 25712100 a multiple of 18?
True
Is 3583008 a multiple of 1248?
True
Is 2589690 a multiple of 10?
True
Is 156 a factor of 160992?
True
Does 367 divide 3399645?
False
Is 314456 a multiple of 8?
True
Is 248 a factor of 10947551?
False
Does 2 divide 11912?
True
Is 419818 a multiple of 314?
True
Is 17 a factor of 3388168?
True
Is 517444 a multiple of 11?
False
Is 1121058 a multiple of 141?
False
Does 328 divide 25345?
False
Is 175323 a multiple of 194?
False
Is 32725 a multiple of 12?
False
Is 246 a factor of 1445004?
True
Is 51418 a multiple of 47?
True
Is 4171464 a multiple of 184?
True
Does 9 divide 156037?
False
Is 197169 a multiple of 58?
False
Is 255992 a multiple of 166?
False
Is 37 a factor of 208051?
True
Is 417830 a multiple of 127?
True
Is 1838364 a multiple of 19?
True
Is 366 a factor of 697962?
True
Is 138 a factor of 3749980?
False
Is 5 a factor of 671765?
True
Is 5011412 a multiple of 14?
True
Is 326 a factor of 1207178?
True
Is 3 a factor of 22232?
False
Is 77826 a multiple of 21?
True
Does 147 divide 574035?
True
Is 1148193 a multiple of 15?
False
Does 33 divide 19305?
True
Is 17 a factor of 1388084?
True
Does 12 divide 45192?
True
Does 73 divide 398361?
True
Is 670748 a multiple of 30?
False
Is 17064568 a multiple of 264?
False
Is 114 a factor of 143925?
False
Is 16949 a multiple of 8?
False
Is 6841994 a multiple of 184?
False
Does 1562 divide 15331030?
True
Is 98 a factor of 144267?
False
Is 40 a factor of 4211720?
True
Is 251940 a multiple of 59?
False
Does 3 divide 429975?
True
Is 42 a factor of 1050?
True
Is 9 a factor of 3625020?
True
Is 28 a factor of 10221064?
True
Is 82574 a multiple of 128?
False
Is 2497623 a multiple of 17?
True
Is 1262 a factor of 2815896?
False
Is 145621 a multiple of 224?
False
Does 27 divide 339822?
True
Is 860 a factor of 11095720?
True
Does 8 divide 1367?
False
Is 28 a factor of 6626018?
False
Does 11 divide 151348?
False
Is 103713 a multiple of 20?
False
Does 9 divide 201582?
True
Is 576 a factor of 162077?
False
Is 123455 a multiple of 2?
False
Is 80 a factor of 663760?
True
Is 13 a factor of 160202?
False
Does 4 divide 44642?
False
Does 18 divide 285401?
False
Does 6 divide 9968785?
False
Is 2047038 a multiple of 51?
True
Does 76 divide 390944?
True
Does 47 divide 5787627?
True
Is 285896 a multiple of 13?
True
Is 350658 a multiple of 6?
True
Is 11630729 a multiple of 37?
False
Is 49 a factor of 7965048?
True
Is 36 a factor of 14631970?
False
Is 62584 a multiple of 33?
False
Is 138098 a multiple of 58?
True
Is 14 a factor of 3125808?
True
Is 132 a factor of 8646237?
False
Is 8352 a multiple of 96?
True
Does 732 divide 6114396?
True
Is 8 a factor of 400606?
False
Is 6251584 a multiple of 1096?
True
Does 50 divide 20150?
True
Is 9 a factor of 167557?
False
Does 1269 divide 5205438?
True
Does 487 divide 28734420?
False
Does 750 divide 2520478?
False
Is 951648 a multiple of 32?
True
Is 31 a factor of 466754?
False
Is 125 a factor of 19840?
False
Is 62992 a multiple of 248?
True
Does 14 divide 825202?
True
Does 248 divide 1228840?
True
Does 5 divide 1030311?
False
Is 7 a factor of 2210222?
True
Is 260 a factor of 17456?
False
Does 7 divide 926631?
False
Is 9 a factor of 1618398?
True
Does 32 divide 2021369?
False
Is 557443 a multiple of 106?
False
Does 8 divide 2427?
False
Is 32 a factor of 1290478?
False
Is 479 a factor of 2719283?
True
Does 450 divide 543600?
True
Is 24 a factor of 2697160?
False
Is 4 a factor of 9358?
False
Is 188513 a multiple of 13?
True
Is 14241588 a multiple of 57?
False
Does 6 divide 53746?
False
Is 245 a factor of 5638935?
False
Is 13 a factor of 2429423?
False
Is 19 a factor of 325926?
True
Does 6 divide 3223644?
True
Is 175 a factor of 2231950?
True
Does 451 divide 21819831?
True
Does 62 divide 1710146?
True
Is 38 a factor of 80407?
False
Is 8 a factor of 96704?
True
Is 178 a factor of 3967?
False
Is 47 a factor of 236921?
False
Does 71 divide 21246?
False
Is 238 a factor of 1291388?
True
Is 15849930 a multiple of 103?
False
Is 96811 a multiple of 243?
False
Does 417 divide 1288530?
True
Does 22 divide 168784?
True
Is 154 a factor of 1812426?
True
Does 5 divide 2493075?
True
Is 389420 a multiple of 7?
False
Is 370 a factor of 4459731?
False
Is 81 a factor of 285723?
False
Does 21 divide 125144?
False
Does 101 divide 3983157?
False
Is 1116 a factor of 20132944?
False
Is 1520544 a multiple of 60?
False
Is 5 a factor of 393070?
True
Is 8 a factor of 195816?
True
Is 21 a factor of 2231399?
False
Is 11750 a multiple of 25?
True
Is 69888 a multiple of 128?
True
Is 941930 even?
True
Is 9 a factor of 7683454?
False
Does 89 divide 132343?
True
Is 6218783 a multiple of 8?
False
Is 227953 a multiple of 17?
True
Is 33 a factor of 8266334?
False
Is 47 a factor of 170903?
False
Does 73 divide 119460?
False
Does 18 divide 1625475?
False
Is 8 a factor of 20968?
True
Does 54 divide 28006938?
True
Is 1710540 a multiple of 12?
True
Is 32 a factor of 42051?
False
Does 57 divide 180813?
False
Is 5101548 a multiple of 60?
False
Is 7 a factor of 4048?
False
Is 8959 a multiple of 2?
False
Is 526303 a multiple of 724?
False
Does 4 divide 103218?
False
Is 128 a factor of 281112?
False
Is 2625 a multiple of 5?
True
Does 11 divide 144265?
True
Does 26 divide 67380?
False
Does 48 divide 280413?
False
Does 8 divide 2575192?
True
Does 292 divide 113588?
True
Is 463696 a multiple of 73?
True
Is 16094248 a multiple of 1432?
True
Is 3 a factor of 114847?
False
Does 90 divide 143331?
False
Does 22 divide 687346?
True
Is 162980 a multiple of 4?
True
Does 28 divide 12600028?
True
Is 131635 a multiple of 28?
False
Is 14 a factor of 65296?
True
Is 1521 a factor of 4075906?
False
Is 6 a factor of 74035?
False
Does 225 divide 937575?
True
Is 66969 a multiple of 7?
True
Is 11740 a multiple of 7?
False
Is 65 a factor of 26992?
False
Is 13 a factor of 713050?
True
Is 813 a factor of 391866?
True
Is 33 a factor of 53361?
True
Is 8 a factor of 35175?
False
Is 200373 a multiple of 10?
False
Is 106567 a multiple of 2?
False
Is 58 a factor of 635635?
False
Is 886 a factor of 16761348?
True
Is 13 a factor of 127426?
True
Is 1493 a factor of 17311335?
True
Is 415 a factor of 1338285?
False
Is 2 a factor of 38734?
True
Does 118 divide 9558?
True
Does 54 divide 531684?
True
Is 497258 a multiple of 148?
False
Is 317 a factor of 5505656?
True
Is 2425494 a multiple of 112?
False
Does 4 divide 949180?
True
Does 47 divide 45782?
False
Does 104 divide 263129?
False
Is 10 a factor of 470729?
False
Does 72 divide 658656?
True
Is 7 a factor of 401656?
False
Is 2 a factor of 844572?
True
Is 16 a factor of 10399792?
True
Does 73 divide 143445?
True
Does 16 divide 1931104?
True
Does 7 divide 20322?
False
Is 62877 a multiple of 50?
False
Is 154312 a multiple of 9?
False
Is 423072 a multiple of 226?
True
Is 10 a factor of 964343?
False
Is 8 a factor of 240048?
True
Is 449016 a multiple of 46?
False
Does 161 divide 3381161?
True
Is 860840 a multiple of 265?
False
Is 728760 a multiple of 10?
True
Is 11 a factor of 81651?
False
Is 217 a factor of 50165?
False
Is 61 a factor of 1550376?
True
Does 36 divide 247356?
True
Is 9 a factor of 112723?
Fal